(-22)/(-154). Let f = z - -5506. Is f a composite number?
True
Suppose 0 = -4*b + 5*t - 3*t - 1002, -981 = 4*b + 5*t. Let n(g) = 2*g**2 - 37*g + 36. Let q be n(16). Let d = q - b. Is d composite?
True
Suppose -d = 5*i - 5237, -5*i + 0*i = 2*d - 5234. Suppose 0 = 598*u - 590*u. Suppose 2*g + 2*n - i = u, -g - 2*g + n = -1552. Is g a prime number?
False
Suppose -3*z - 20 + 62 = 0. Is (-4)/z - 8763/(-21) prime?
False
Suppose -t - u = -25, 3*t = 6*t - 2*u - 70. Suppose t*c = 21*c + 255. Suppose 2*h - 467 = -c. Is h a composite number?
False
Let x(r) = -153*r**3 + 31*r**2 + 27*r + 99. Is x(-10) a composite number?
True
Suppose -13*f + 2097480 = 5*v - 16*f, v = -2*f + 419483. Is v a composite number?
True
Suppose -11*d - 54585 - 1966 = 0. Let v = -2724 - d. Is v prime?
True
Suppose -53*b + 3185809 = -6741250. Is b composite?
False
Suppose 0 = -1604*s + 1596*s + 3817640. Is s composite?
True
Suppose -5*s + 3*n + 62368 = 0, -105*s + 100*s + 62361 = 4*n. Is s composite?
False
Suppose 0 = -5*t - 30, 1556*t = r + 1553*t - 339065. Is r a composite number?
True
Suppose 5*y + 2*m - 21 = -54, 0 = 4*y + 4*m + 36. Is (-1123159)/(-115) + (-2)/y a composite number?
False
Suppose 4*b - 2*n + 2 - 6 = 0, 0 = -4*n + 8. Suppose 3*i - 2*m = 2*i + 1935, 4*i = -5*m + 7766. Suppose b*p - 2319 = i. Is p a prime number?
True
Suppose -15 = -5*g + 5*z, -5*z + 18 = 2*g - 2. Suppose -5*j - 19 = -4*k + 8*k, 0 = -g*k + 3*j + 4. Let a(y) = 354*y**2 + 3*y + 2. Is a(k) a prime number?
True
Let i(g) = 54*g - 3. Let a(v) = -2*v - 3. Let z be a(-3). Let j(d) = -55*d + 3. Let l(u) = z*j(u) + 4*i(u). Is l(4) a composite number?
True
Suppose 0 = -38*q - 6*q - 84*q + 1194880. Is q a prime number?
False
Let h = -9940 - -27151. Is h a prime number?
False
Let k(l) = -3*l - 3*l**2 + 4*l**3 - 9 - 5*l**3 - 3 + 6. Let i be k(-3). Suppose i*z + 0*z - 4197 = 0. Is z a prime number?
True
Suppose 214*d - 63241306 - 236016 = 0. Is d a prime number?
False
Let w(m) = 1066*m + 9. Let r = -48 + 50. Let h be w(r). Suppose -7*k + 3*k + h = -t, k + 3*t - 532 = 0. Is k a composite number?
True
Let m = -71762 + 521703. Is m prime?
True
Let x be ((-6)/4)/(15/(-40)). Suppose 11*r - x = 13*r. Is r - ((-5)/(-5) - 12) prime?
False
Suppose 0 = -5*w + 47 - 7. Suppose 4 + w = 6*t. Suppose -t*j - 2083 = -8837. Is j a composite number?
True
Let q be (72/(-10))/(2/(-170)). Suppose -726*c - 273 = -739*c. Let b = c + q. Is b a composite number?
True
Is (-512)/320 - (-441598)/5 a prime number?
False
Let a(l) = l**3 + 4*l**2 + 57*l - 3. Is a(25) composite?
True
Let g = 165456 + -58075. Is g a composite number?
True
Is (15 + -6 - 8)/((-1)/8) - -257247 a composite number?
False
Let q = 16461 - 3414. Is q a composite number?
True
Suppose 199*z = 238*z - 2755506. Is z a prime number?
False
Let c = 22464 + 14693. Is c a prime number?
False
Suppose -26*z + 27*z = h + 110422, -z = 2*h - 110413. Is z a prime number?
True
Let p(y) = -2284*y - 251. Is p(-1) a prime number?
False
Suppose 18*t - 20*t + 98 = 0. Let l(x) = t*x**2 - 5*x - 4 - 91*x**2 + 43*x**2 - 173*x**3. Is l(-3) composite?
False
Let x = 10243 - -1576. Is x composite?
True
Let u = -676 - -676. Suppose u = -11*x + 12150 + 173497. Is x prime?
False
Suppose -3*n - 2038296 = -3*b, -107*b + 102*b - 3*n = -3397184. Is b prime?
False
Let k = 85088 + 19113. Is k a composite number?
True
Suppose 0 = -0*o - 6*o + 42. Is 1 - (-31585)/o - 5/35 a prime number?
True
Suppose -4*v - 6*n + 62691 = -5*n, 3*v - 47023 = 4*n. Suppose -24*p + 144575 = -v. Is p a prime number?
False
Suppose -2*f = 2*v - 34086, -45*f + 44*f = -4*v + 68192. Is v a composite number?
False
Let c be 8/4 - (-3 - 0). Let j(s) = -6*s + 2*s**2 + 1 - c*s + 3*s**2 + 2*s. Is j(-8) a composite number?
True
Let h(n) be the first derivative of n**2 - 4/3*n**3 + 4*n - 3 - 43/4*n**4. Is h(-3) composite?
False
Is 0 - -13 - (-6 + -263938) a prime number?
True
Let r(d) = 2*d**2 + 7*d - 41. Let u be r(6). Suppose u*j - 60*j = 132899. Is j composite?
False
Let q be 5*1212*16/15. Suppose -10270 = -6*k + q. Is k composite?
False
Let d be (61853/2)/((-8)/(-16)). Suppose -d = 4*k - 15*k. Is k composite?
False
Let d(x) = 5*x**2 - 4*x - 26. Let h = 18 - 7. Let g be d(h). Suppose 547 = 2*f - g. Is f a composite number?
False
Suppose 29018 + 18892 = 6*h. Let f = 21598 - h. Is f prime?
True
Let h(a) = 1466*a + 833. Is h(19) prime?
True
Let r(y) = 1068512*y + 489. Is r(1) prime?
True
Let d(u) = -14 + 0 - u + 29*u. Let k be d(-3). Let a = k + 195. Is a a composite number?
False
Suppose -13*w = -15*w + 1800. Let h = w + -2095. Let t = h + 1956. Is t composite?
False
Let p = 1193 - 518. Let a = 1021 - p. Is a composite?
True
Suppose 4*p = -5*q + 29497, 4*p - 6976 - 22512 = 4*q. Is p prime?
False
Let r(k) = -46*k**3 + 5*k**2 + 37*k + 1095. Is r(-20) a composite number?
True
Let z be (-30)/20*(-6 + 2). Suppose 0 = 2*j + j - z. Suppose 5*s + 941 = 4*q + j*s, 3*q - 4*s - 711 = 0. Is q composite?
False
Suppose s - v - 368 = -3*v, -4*v - 704 = -2*s. Suppose -s = -6*m + 534. Is 5*1/(1/m) a prime number?
False
Let w(u) = 4*u + 12. Let k be w(-3). Suppose -4*f - q - 518 + 156 = k, 4*f + 5*q = -370. Let y = 349 + f. Is y a prime number?
False
Let m = -126005 + 218556. Is m composite?
False
Suppose 92*y + 5042736 = -21*y + 24259629. Is y a prime number?
False
Let w(l) = -5. Let q(u) = -3837*u - 116. Let r(p) = q(p) - 3*w(p). Is r(-6) a composite number?
False
Let i = 48 - 32. Suppose -y + 13 = 3*j, 2*j - i = -2*y + 5*y. Suppose 2019 = j*p - 2*p. Is p composite?
False
Let k(z) = 75729*z - 2059. Is k(4) composite?
False
Let d be 1*2*-2*(-2 + -13). Suppose 0 = -11*x - 4*x + d. Suppose 0 = 2*y, 518 + 1260 = 2*h + x*y. Is h composite?
True
Is (-1)/(0 + -1)*(540136 + (-336)/(-16)) a prime number?
True
Let k = -36206 - -6624. Let v = 4917 - k. Is v composite?
False
Suppose 219676 = 23*c - 179673. Let f = c + -4030. Is f composite?
True
Suppose -192 = -4*h - q + 2, -6 = -3*q. Suppose 0 = -6*u + 3*u - h. Is u/(-4) - (-3 + -64) a composite number?
False
Let q(y) be the third derivative of 13*y**6/120 - 13*y**5/60 - 11*y**4/6 - 11*y**3/6 + 77*y**2. Is q(12) composite?
True
Let j(g) = -4*g**2 - 5*g + 17. Let d(l) = 4*l**2 + 6*l - 16. Let w(k) = 3*d(k) + 2*j(k). Let t be w(10). Let x = t + -261. Is x a composite number?
True
Let b(r) = r**3 + 16*r**2 + 8*r + 17. Let x be -3 + (-1)/1 - 80. Let j = x - -72. Is b(j) composite?
True
Let y = 286446 + -18355. Is y a prime number?
True
Suppose 3*j - 3*j = -3*j. Suppose j = -14*g + 10*g + 4492. Is g a composite number?
False
Suppose 11*c - 8*c - 145752 = -3*t, 2*t + 5*c = 97153. Is t a prime number?
True
Let r = 413 + -253. Let n = 381 - 243. Suppose -j + r = -n. Is j a composite number?
True
Suppose 7456898 = -98*a + 120*a + 1108776. Is a composite?
False
Let s(g) = 108*g**2 + 8*g - 16. Let x be s(-8). Suppose -10*u + x + 2658 = 0. Let n = u - 395. Is n composite?
True
Let h = 2071 - -15987. Is h composite?
True
Let v(i) = -i**2 - 22*i - 120. Let p be v(-12). Suppose p = -28*s + 35*s - 77497. Is s composite?
False
Let u(g) = 27*g**2 - 598*g - 11. Is u(66) composite?
True
Is (2/4)/((-46)/(-11223356)) prime?
True
Let y be (-64)/(-6)*57/38. Let t(j) = -j + 11. Let g be t(y). Is (-4038)/(-15)*g/(-2) a prime number?
True
Is (-1 + 65334/8)*44*4/44 a prime number?
False
Let i(h) = 117106*h + 9045. Is i(12) a prime number?
False
Let z(p) = -43*p + 568*p**2 + 27*p - 3 + 0 + 30*p - 4. Is z(3) a prime number?
True
Suppose -2*n - 58*m = -62*m - 1646, -4*n = -6*m - 3276. Is n a composite number?
True
Let z(n) = 5*n**2 + 9*n + 4. Let f be z(-4). Suppose -352580 = f*k - 2844692. Is k a composite number?
True
Is (-792081)/(-15) - (-4)/(-10) - (-18 + 16) prime?
True
Suppose 0*b = 4*b - 60948. Suppose -2*g + b = 5*u, 2*u - 3045 = u - g. Is u a composite number?
False
Suppose 6*b - 11504346 = -36*b. Is b prime?
True
Suppose 3*c + 3*c + 48 = 0. Let q(a) = -864*a - 113. Is q(c) a composite number?
True
Is 3/(-8) + (-5 - (-846981)/2)/4 a prime number?
True
Let t = 33 + -45. Let x be (4576/t)/(-8) - 1/(-3). Let p = x - 37. Is p a composite number?
False
Let g(m) = 42*m - 4. Let r be g(-6). Let a be 6/21 + (-60)/(-35). Is 0 - a - 3/(3/r) composite?
True
Let x(l) = 112*l**2 + 26*l + 17. Let i be x(-9). Let n = i + -4920. Is n composite?
True
Le